l**2 + 6*l + 4. Let u be n(-2). Suppose -10*z + 12502 - 3072 = u. Is z prime?
False
Let m(x) = 14819*x**2 + 5*x - 13. Is m(2) prime?
True
Suppose 17 - 2 = -3*h, 3*z - 77581 = -4*h. Suppose z = 5*o - 4*v, 0*v - 2*v = 3*o - 15507. Is o composite?
False
Let c(d) = -5*d - 27. Let b be c(20). Suppose -3*l - 3*s + 855 = 0, 4*l - 2*s = -0*s + 1134. Let q = l + b. Is q a prime number?
True
Let n(w) = -w**3 + 4*w**2 - w - 2. Let v be n(3). Suppose -u + 11 = v*a + a, -2*u = -2. Suppose -1645 = -7*x + a*x. Is x composite?
True
Let h(g) = -2*g**2 - 3*g - 17. Let w be h(5). Suppose 3*c + 0*n = -n + 448, 0 = 2*c - n - 297. Let v = w + c. Is v a composite number?
False
Is (-3)/6*(8/2 + -7578) prime?
False
Suppose 0 = -3*q + o + 18, 3*q - 10 = -5*o + 8. Suppose -m - 2*f = -1, -2*m + 4*f - 8 = -q*m. Is (-187 + (m - 3))/(-1) composite?
True
Let a(u) = -60*u - 139. Is a(-6) a prime number?
False
Let l = -2 - -2. Suppose l = -3*d - 2*d + 80. Is 526*2*4/d prime?
True
Let q be -2 - (2 + (1 - 1037)). Suppose 4*h - 208 - 332 = -4*d, -2*d = -h - 285. Suppose -4*o = d - q. Is o prime?
True
Let j = 183739 - 91086. Is j a prime number?
False
Let b(o) = -o**2 + 16*o - 32. Let h be b(13). Suppose 8474 + 1893 = h*d. Is d a prime number?
True
Suppose -14*p + n + 5263 = -13*p, 26309 = 5*p - 2*n. Is p a composite number?
False
Let r be (5/7)/((-14)/(-98)). Suppose 3*q = -5*h + 1257, 0 = -r*h - 5*q + 1669 - 404. Is h a composite number?
True
Suppose v + 10 = 3*f, -4*v + 0*f - 3*f - 10 = 0. Is (-1)/(267/67 + v) a composite number?
False
Let o(b) = 12*b**3 + 8*b**2 + 11*b - 62. Is o(5) composite?
False
Suppose 3*w + u = 2683, u - 4695 = -5*w - 224. Suppose -3*t = 3*t - w. Is t a prime number?
True
Let d be (2964 - 1)/(2/(-6)) - 0. Is 20/(-132)*d - 8/(-44) composite?
True
Suppose -2*z = 2*z + o - 376350, -470427 = -5*z + 4*o. Is z composite?
True
Let d(w) = -w + 1. Let j(q) = -65*q**3 + q + 9. Let f(a) = -4*d(a) + j(a). Is f(-1) composite?
True
Let m(h) = 48*h**2 + 18*h + 16. Is m(-9) a composite number?
True
Suppose r - 56 = 3*o, 0*o + 52 = -3*o - r. Let n = -13 - o. Suppose -5*f = -5*y - 330, -4*f + 309 = -0*f + n*y. Is f composite?
False
Let s = 52 + -52. Suppose -9*k + 6*k + 273 = s. Is k a composite number?
True
Let f be 19 + 0 + 4 + -7. Suppose 15 = p - 53. Is p/f*(2 - -114) a composite number?
True
Suppose 0 = -2*f + f. Suppose -6 = -4*k - 2, b + 4*k - 8 = f. Suppose 5*p - b*c - 169 = 0, -3*p - p + 152 = c. Is p composite?
False
Let b = -95 + 190. Suppose 0 = -3*m + 3*f + b + 295, -m - 2*f = -121. Is m composite?
False
Let w(y) = y**2 + y. Let b(v) = 100*v**2 - 5*v - 1. Let f(s) = b(s) + 3*w(s). Is f(4) a composite number?
True
Let l = -471 - -796. Let a = 2852 - l. Suppose 4*q - 189 = a. Is q a prime number?
False
Let b be 90/(-4)*(-4)/(-5). Let j = b + 10. Is 186 - 4/(j/2) composite?
True
Suppose -12 = 4*m - m. Let y be (-9)/(m + 1) + -2. Is -4*y*(-100)/16 composite?
True
Let l = -12 - -14. Suppose -l*t = t - 9. Suppose -t*q + 86 + 25 = 0. Is q a composite number?
False
Suppose 8*n - 3*n - 10 = 0. Suppose -2*c = -n*i + 4, -11 = -5*i + i + 3*c. Suppose 0 = -3*g - i*h + 33 + 229, 3*g + 2*h - 265 = 0. Is g composite?
False
Suppose 3*s - 3 = -5*t - 0, 2*s = -4*t. Suppose -s*i = -227 - 2887. Suppose 5*c - i = -134. Is c composite?
True
Let b(r) = -4*r**3 - 9*r**2 - r - 5. Let i(t) = t**3 + 13*t**2 - t - 19. Let v be i(-13). Is b(v) prime?
True
Suppose 0 = 3*i - 4*u - 654, -3*i = -i - u - 441. Suppose i = 5*p - d + 2*d, 3*d = 6. Suppose p + 114 = 2*n. Is n composite?
False
Suppose 3*r - 9302 = 4810. Suppose -3*m = -4638 - r. Let z = -2053 + m. Is z composite?
False
Suppose -7014 = -20*o + 7726. Is o composite?
True
Let k = -284 + 134. Let w = k + 364. Let p = -95 + w. Is p composite?
True
Let h = 9 - -6. Let q(d) = d - 13. Let o be q(h). Suppose -4*s - 22 = -7*i + o*i, -34 = -5*i - 2*s. Is i composite?
True
Suppose -4*k - 4*u + 16 = -0*u, 4 = -k + u. Suppose -5*i = 3*n - 3064, 5*i - 2*n - 2*n - 3078 = k. Is i composite?
True
Let t(n) = -759*n - 20. Is t(-7) prime?
False
Let g be ((-4)/6)/((-4)/(-6)). Is (6/(-12))/(g/130) composite?
True
Is (5841 - -13)*2/4 a composite number?
False
Is 1150060/15*18/24 a composite number?
False
Let g(s) = -719*s - 4. Let z be g(-1). Suppose 5*d + 4*u - z = -0*u, 0 = -4*d - 2*u + 572. Is d prime?
False
Let n(a) = -a**3 + 5*a**2 + 3*a - 2. Let x be n(5). Suppose 5*s + 7 = -x. Let v(r) = 2*r**2 - 5*r - 5. Is v(s) prime?
True
Let d(q) = 14938*q**3 + 6*q**2 - 7*q + 2. Is d(1) composite?
False
Let l(k) = 186*k + 127*k - 19*k + 32. Is l(5) prime?
False
Let m(o) = o**2 + 13*o - 12. Let n be m(-13). Let p = n - -125. Is p composite?
False
Let r = -29 - -26. Let q(x) = -60*x**3 - 2*x**2 + 3*x + 8. Is q(r) prime?
True
Let t = -9 + 9. Suppose -20 + t = -5*z. Suppose -2*l + z*l + 4497 = 5*g, 4*g = 5*l + 3601. Is g prime?
False
Let c(i) = 12*i**3 + 2*i**2 - 2*i + 1. Let z be c(4). Let k = z - -120. Is k prime?
False
Let a(w) = -w**3 + 22*w**2 - 15*w + 23. Suppose -6*m + 10*m - 84 = 0. Is a(m) prime?
True
Let m be 51*(82/6 + -4). Suppose -m = -4*g + 319. Is g a prime number?
False
Let j(z) = 2454*z - 125. Is j(9) composite?
False
Let r be (1 + 0)*(0 + -1). Is (2/((-8)/11276))/r composite?
False
Suppose -3*f + 0*f + 2*p - 8 = 0, -f + 12 = 3*p. Suppose f*a + a = -2, -2*q + 228 = -4*a. Suppose -q = 5*k - 10*k. Is k composite?
True
Suppose 2 = -2*r, 3*m - r = -2*m + 166. Let l(s) = 11*s**2 - 36*s - 68. Is l(m) a composite number?
False
Let q(l) = -1408*l - 43. Is q(-3) a prime number?
False
Let w = -1128 - -20475. Is w composite?
True
Let o be 0 - (9 + -1)/(-2). Suppose -7 = o*y + 5*z, -z - 18 = -3*y + 3*z. Suppose -5*d - 43 = -4*w, y*d = 5*w - d - 44. Is w a prime number?
True
Suppose -2409 = -5*h + 2*h. Suppose -512 = -5*w + h. Is w composite?
False
Suppose 3*i + 0*i - 1719 = 0. Suppose -6*f + i = -783. Is f a composite number?
True
Suppose 0 = 4*i - i + 12. Let t(d) = d**3 + 6*d**2 - 2*d - 5. Let s be t(i). Is 8/14 - (-11145)/s a prime number?
False
Let a be ((-75)/(-10) + -7)*-534. Suppose n + 1912 = -3*n. Let v = a - n. Is v a composite number?
False
Let f(g) = 164*g**2 + g + 72. Is f(5) composite?
False
Suppose -7*d + 15 = 8*d. Is d*1774*(-18)/(-36) composite?
False
Let y(w) = 102*w**2 - 3*w - 1. Let u = 33 - 9. Suppose 4*x + 4 = u, -4*x = -k - 22. Is y(k) composite?
True
Let z(m) be the first derivative of m**4/4 - 7*m**3/3 + 3*m**2 + 3*m - 8. Let q be z(6). Suppose -7 = q*r + k - 42, k + 15 = 2*r. Is r prime?
False
Let c be 3*1/(-3)*-5. Let l(r) = 12*r**3 - 12*r**2 + 4*r - 7. Is l(c) prime?
True
Suppose -3*t - 2254 = -2*o + t, 4*t + 5623 = 5*o. Let c = 1670 - o. Is c prime?
True
Let s(i) be the third derivative of i**6/720 - i**5/60 - 5*i**4/24 + 2*i**2. Let r(g) be the second derivative of s(g). Is r(9) a prime number?
True
Let a = 30 + -35. Let q(l) = 3*l**2 - 8*l + 6. Let k be q(a). Suppose -304 - k = -5*b. Is b a composite number?
True
Suppose 8*v - 77360 = -8*v. Is v a prime number?
False
Let b = -25003 + 54108. Is b a composite number?
True
Suppose -2*t - 3*v - 11 = 0, 25 - 4 = 3*t - 3*v. Suppose w + t*w - 447 = 0. Is w a composite number?
False
Suppose -8 = -5*v + 4*m, -4*v + m + 2*m + 6 = 0. Suppose -3*w + 4*f = -437, v = 3*w - 8*w + 3*f + 721. Is w a composite number?
True
Is (0 + 80)/8 + 5157 a composite number?
False
Let x be 11/3 - 6/9. Let c be (-2)/x - 2554/(-6). Is 5 + -2 + -1 + c a prime number?
False
Suppose -3 + 2 = s, -2*d = 4*s + 22. Is (-9875)/d + (-4)/18 prime?
True
Suppose 0 = y + 2*r - 1, 3*y - 2*r = y - 4. Let l be y + 2 + (3 - 6). Is (154 - 6/l) + 1 a prime number?
False
Let r(w) = w**3 - 14*w**2 + 2*w - 24. Let g be r(14). Is (-24)/(-16) - (2342/g)/(-1) composite?
False
Is 4646 - (4 - 3 - 4) a composite number?
False
Let t(b) = 2*b**2 + 5*b + 3. Let d be t(-3). Suppose d = -5*s - 4. Is (223/s - -3)*-2 a composite number?
True
Let v(h) = -3*h**3 - 6*h**2 - 4*h + 8. Suppose -6 + 26 = -3*u + g, 4*g = -2*u - 18. Is v(u) composite?
True
Suppose -2*w = -f + 6785, 27128 = 3*f + f - 4*w. Is f a composite number?
False
Let t = -4640 - -2955. Let x = -927 - t. Suppose -r = r - x. Is r a prime number?
True
Suppose 0 = 4*c - 14*c + 64980. Let m = c - 4395. Is m a prime number?
False
Let f(v) be the second derivative of -v**5/20 - v**4 -